me factors of 2717195?
5, 13, 17, 2459
What are the prime factors of 2213684?
2, 11, 50311
List the prime factors of 220312.
2, 27539
List the prime factors of 195472.
2, 19, 643
What are the prime factors of 622033?
73, 8521
What are the prime factors of 3906688?
2, 23, 1327
List the prime factors of 230952.
2, 3, 9623
List the prime factors of 1430919.
3, 7, 67, 113
What are the prime factors of 23748576?
2, 3, 247381
What are the prime factors of 8645?
5, 7, 13, 19
What are the prime factors of 14844042?
2, 3, 824669
List the prime factors of 403524.
2, 3, 11, 1019
What are the prime factors of 746016?
2, 3, 19, 409
What are the prime factors of 76369?
76369
What are the prime factors of 13050293?
139, 93887
List the prime factors of 2586850.
2, 5, 7, 19, 389
What are the prime factors of 261934?
2, 19, 61, 113
What are the prime factors of 3305609?
239, 13831
What are the prime factors of 2588258?
2, 1294129
List the prime factors of 22072319.
19, 163, 7127
What are the prime factors of 395971?
395971
List the prime factors of 61762.
2, 30881
List the prime factors of 156172.
2, 39043
List the prime factors of 285964.
2, 7, 1459
What are the prime factors of 101066?
2, 7, 7219
What are the prime factors of 1498418?
2, 749209
What are the prime factors of 162851?
13, 12527
List the prime factors of 105724.
2, 26431
What are the prime factors of 25526371?
13, 1963567
List the prime factors of 2657192.
2, 37, 47, 191
List the prime factors of 5946375.
3, 5, 101, 157
What are the prime factors of 202390?
2, 5, 37, 547
List the prime factors of 6888676.
2, 1231, 1399
List the prime factors of 328681.
19, 17299
List the prime factors of 16326534.
2, 3, 7, 388727
List the prime factors of 1749622.
2, 7, 47, 2659
What are the prime factors of 197408?
2, 31, 199
What are the prime factors of 810341?
7, 115763
What are the prime factors of 300223?
7, 11, 557
List the prime factors of 21502093.
17, 1264829
What are the prime factors of 6551138?
2, 11, 297779
What are the prime factors of 515733?
3, 353, 487
List the prime factors of 674842.
2, 7, 19, 43, 59
What are the prime factors of 23290539?
3, 7763513
List the prime factors of 149679.
3, 16631
List the prime factors of 661634.
2, 37, 8941
What are the prime factors of 4855255?
5, 971051
What are the prime factors of 6050313?
3, 73, 9209
What are the prime factors of 46032?
2, 3, 7, 137
What are the prime factors of 17947092?
2, 3, 59, 25349
What are the prime factors of 8632389?
3, 2877463
What are the prime factors of 499183?
499183
What are the prime factors of 119989?
97, 1237
List the prime factors of 11694366.
2, 3, 29, 43, 521
What are the prime factors of 14161755?
3, 5, 131, 7207
List the prime factors of 1202626.
2, 601313
What are the prime factors of 228803?
17, 43, 313
List the prime factors of 2127229.
13, 163633
List the prime factors of 3472392.
2, 3, 7, 11, 1879
List the prime factors of 1959378.
2, 3, 326563
List the prime factors of 6910154.
2, 3455077
List the prime factors of 3001698.
2, 3, 7, 2647
What are the prime factors of 316028?
2, 41, 47
What are the prime factors of 421440?
2, 3, 5, 439
List the prime factors of 473394.
2, 3, 257, 307
List the prime factors of 6350379.
3, 7, 302399
What are the prime factors of 14855?
5, 2971
What are the prime factors of 634777?
11, 13, 23, 193
List the prime factors of 875825.
5, 53, 661
List the prime factors of 2408932.
2, 602233
List the prime factors of 63466.
2, 13, 2441
List the prime factors of 13128519.
3, 4376173
List the prime factors of 13254927.
3, 7, 631187
What are the prime factors of 2114866?
2, 13, 6257
What are the prime factors of 4096304?
2, 256019
What are the prime factors of 2393435?
5, 11, 43517
What are the prime factors of 586800?
2, 3, 5, 163
What are the prime factors of 156329?
156329
What are the prime factors of 3513541?
3513541
List the prime factors of 84449.
84449
What are the prime factors of 5350857?
3, 1783619
What are the prime factors of 767402?
2, 257, 1493
List the prime factors of 253753.
47, 5399
List the prime factors of 224035.
5, 7, 37, 173
List the prime factors of 1528835.
5, 7, 11, 19
What are the prime factors of 2145438?
2, 3, 119191
List the prime factors of 48367.
11, 4397
What are the prime factors of 354360?
2, 3, 5, 2953
List the prime factors of 3002128.
2, 187633
What are the prime factors of 231040?
2, 5, 19
What are the prime factors of 1797879?
3, 229, 2617
What are the prime factors of 135370?
2, 5, 13537
List the prime factors of 380566.
2, 190283
List the prime factors of 872297.
191, 4567
What are the prime factors of 3477086?
2, 1738543
List the prime factors of 1463275.
5, 11, 17, 313
What are the prime factors of 4244899?
37, 47, 2441
List the prime factors of 5470526.
2, 2735263
List the prime factors of 1939860.
2, 3, 5, 13, 829
What are the prime factors of 28406384?
2, 1775399
List the prime factors of 328871.
19, 911
List the prime factors of 297135.
3, 5, 31, 71
What are the prime factors of 648489?
3, 19, 31, 367
What are the prime factors of 7246002?
2, 3, 31, 163, 239
List the prime factors of 1060566.
2, 3, 13, 13597
List the prime factors of 8499696.
2, 3, 23, 7699
What are the prime factors of 8677641?
3, 7, 29, 14249
What are the prime factors of 7116704?
2, 7, 31771
What are the prime factors of 471226?
2, 7, 97, 347
List the prime factors of 162256.
2, 10141
List the prime factors of 51385.
5, 43, 239
What are the prime factors of 16331253?
3, 769, 7079
What are the prime factors of 1180594?
2, 61, 9677
List the prime factors of 29046537.
3, 13, 113
What are the prime factors of 16896035?
5, 13, 19, 13681
List the prime factors of 5983986.
2, 3, 127, 7853
What are the prime factors of 3170140?
2, 5, 158507
List the prime factors of 5407768.
2, 17, 2339
List the prime factors of 169402.
2, 84701
What are the prime factors of 174103?
151, 1153
What are the prime factors of 634404?
2, 3, 29, 1823
List the prime factors of 12204521.
7, 17, 102559
List the prime factors of 218806.
2, 7, 15629
List the prime factors of 436313.
436313
What are the prime factors of 7006395?
3, 5, 11, 42463
What are the prime factors of 196318?
2, 103, 953
List the prime factors of 995793.
3, 73, 4547
List the prime factors of 17262997.
17262997
What are the prime factors of 6620568?
2, 3, 311, 887
What are the prime factors of 742591?
742591
List the prime factors of 11708353.
79, 148207
What are the prime factors of 207099?
3, 23011
What are the prime factors of 570619?
7, 81517
List the prime factors of 7513991.
7513991
List the prime factors of 17950845.
3, 5, 11, 108793
What are the prime factors of 218808?
2, 3, 1013
What are the prime factors of 117381?
3, 11, 3557
List the prime factors of 3255483.
3, 7, 11, 17, 829
List the prime factors of 964373.
964373
List the prime factors of 3580850.
2, 5, 7, 13, 787
What are the prime factors of 122193?
3, 13577
List the prime factors of 2203944.
2, 3, 131, 701
List the prime factors of 11645909.
11, 73, 14503
List the prime factors of 190467.
3, 21163
List the prime factors of 76473.
3, 29, 293
List the prime factors of 478535.
5, 95707
List the prime factors of 394097.
11, 3257
What are the prime factors of 2716294?
2, 7, 17, 101, 113
What are the prime factors of 3186526?
2, 7, 227609
What are the prime factors of 643042?
2, 17, 18913
List the prime factors of 743437.
601, 1237
What are the prime factors of 380414?
2, 190207
List the prime factors of 177278.
2, 137, 647
List the prime factors of 240533.
17, 14149
What are the prime factors of 14780322?
2, 3, 53, 15493
What are the prime factors of 98318?
2, 11, 41, 109
List the prime factors of 3173888.
2, 6199
List the prime factors of 4695460.
2, 5, 7, 11, 3049
What are the prime factors of 1056701?
47, 22483
List the prime factors of 21137122.
2, 47, 224863
List the prime factors of 625982.
2, 7, 61, 733
List the prime factors of 3134604.
2, 3, 11, 23747
List the prime factors of 401243.
401243
List the prime factors of 5452168.
2, 681521
List the prime factors of 2861909.
2861909
What are the prime factors of 256997?
13, 53, 373
What are the prime factors of 18779684?
2, 7, 11, 23, 241
What are the prime factors of 23241559?
11, 401, 479
List the prime factors of 